(u) be the first derivative of u**4/4 - 4*u**3/3 - 3*u**2 + 38. Suppose -2*t = 2*l - 4, 0 = -t + 2*l + 8 + 3. Calculate a(t).
-5
Let a(c) = c**2 + 5*c - 3. Suppose -4*t = t - 80. Suppose -3*k = k + t. What is a(k)?
-7
Let x(t) = -t**2 - 10*t - 8. Suppose 4*z + 29 = -7. Give x(z).
1
Let z = 90 - 87. Let s(i) = -i**3 + 5*i**2 - 5*i + 2. Determine s(z).
5
Let t(x) = -4*x**2 + 10*x + 31. Let l(y) = -y**2 + 3*y + 10. Let h(w) = 7*l(w) - 2*t(w). Calculate h(0).
8
Let g(a) = a**2 - 7*a - 8. Let y(x) = -x**2 + 20*x - 10. Let h be y(19). Give g(h).
10
Let l(m) = m**2 - 9*m + 2. Let d(g) = -2*g**2 + 20*g - 5. Let a(c) = -4*d(c) - 9*l(c). Let p be ((-2)/2 - -1) + 0. Give a(p).
2
Let m be (1 - 0)/(-1) - -10. Let a(z) = m*z + 2*z**2 - 14*z + 2 - 3*z**2. Give a(-4).
6
Let g(t) = -2*t**3 + 2*t**2 + 2. Let a(u) = u**3 + 15*u**2 - 14*u + 34. Let p be a(-16). What is g(p)?
-6
Let i = 17 - 12. Suppose -i*o = -o - 16. Let m(d) = -2*d**2 - 7*d - 3. Let f(k) = 3*k**2 + 8*k + 3. Let h(j) = 3*f(j) + 4*m(j). Give h(o).
-3
Suppose -9 - 10 = 3*c - 5*s, 25 = 5*c + 3*s. Suppose -4*z - 2*l + 3*l = -18, 3*z - 23 = -4*l. Let n(h) = -3*h + h + 5 - 3 + z*h**2 - 3*h**2. Give n(c).
6
Let p(o) = o**3 - 10*o**2 + 9*o - 6. Let c be (6 + -3)/(((-4)/3)/(-4)). Calculate p(c).
-6
Suppose -2*m - 3 = h, 0*m + 2*m = 5*h + 39. Let d(i) = i + 7. What is d(h)?
0
Let u(m) = m - 10. Suppose 3*t - 26 - 19 = 0. Suppose -3*l - t = i, 0 = 3*i - 5 - 4. Let j be ((-15)/l)/(1/2). What is u(j)?
-5
Let u(q) be the third derivative of q**4/8 + q**2. Let i be 18/(-210)*-5 + (-12)/(-21). Calculate u(i).
3
Let l(h) be the third derivative of h**6/120 + h**5/20 - h**4/12 + h**3/2 - 2*h**2. Let y be -4 + 2*-1*1. Let j = y - -2. What is l(j)?
-5
Let f(l) = l + 1. Suppose -2*y - 6 = y. Calculate f(y).
-1
Let j be 54/8*16/6. Let s = 18 - j. Let l(g) be the first derivative of g**2/2 - 5*g + 1. Give l(s).
-5
Suppose 0 = -3*o + 4*o - 9. Let c(b) = b**2 - 9*b. Let q be c(o). Let g(s) = 7*s**2 - 8 + 7 + q*s + s. What is g(1)?
7
Suppose 4*t + 8 = 8*t. Suppose 6*p - f = t*p + 9, -2*p + 3 = -f. Let w(l) = -2 + p*l + 4 + 0. Calculate w(-3).
-7
Suppose -5*z = -2*j + 5*j - 40, -3*j + 15 = 0. Let t(c) be the third derivative of c**4/24 - c**3/6 + c**2. Let r be t(z). Let p(h) = -h**2 + 4*h. What is p(r)?
0
Let f be 284/(-18) - (-2)/(-9). Let m = 19 + f. Let n(q) = q**3 - 5*q**2 + 5*q - 2. Determine n(m).
-5
Let w(y) = -128*y + 16 + 63*y + 66*y. Calculate w(-7).
9
Let z(q) = q**3 + 7*q**2 + 4*q - 7. Suppose -2*s - 3*a + a - 28 = 0, 5*a = 2*s + 28. Let w = s - -8. What is z(w)?
5
Let o(x) be the third derivative of x**8/6720 - x**7/630 + x**6/360 - x**5/40 - x**4/12 + x**2. Let u(c) be the second derivative of o(c). Give u(4).
5
Let z be (2 + -3 - -5) + 2. Suppose 3 - z = -h. Let w(f) = h*f - f**2 - 2 + 5*f + 3 - 5*f. What is w(4)?
-3
Let z be 3/(-6) - (-22)/4. Let h be 0/(1*2*-1). Suppose 0 = -3*d + w + 4, h*d + z*w = -d - 20. Let y(a) = -a**2 - a + 6. Determine y(d).
6
Let a(i) be the third derivative of -i**4/4 - i**3/6 - i**2. Let s be ((-4)/6)/((-1)/3). Suppose 4*v + 10 = -s*m, -2*m = m + v. Give a(m).
-7
Let n(x) = -x. Let k be (2/5)/(3/30). What is n(k)?
-4
Suppose 4*r + 4*s - 2 = 2, 2*r + 4*s = 10. Let q(l) be the first derivative of -l**2/2 - 3*l + 3. Determine q(r).
0
Let c(v) = v**2 + 4*v + 3. Suppose 7*p - 8*p - 3 = 0. Calculate c(p).
0
Let g(j) be the third derivative of -j**6/120 + j**5/15 - j**4/12 - 2*j**3/3 - j**2. Suppose 4*b - 5 = q + 11, 2*b + 5*q = -14. Let x = 0 + b. What is g(x)?
-1
Let b(w) = w**3 + 3*w - 8*w**2 + 5 + 6*w**2 - 7. Suppose 0*v - 6 = -3*v. Calculate b(v).
4
Suppose 3*m - 8 = -m. Suppose -4 + 8 = m*l. Suppose -l*q = -q + 2. Let a(z) = -z**3 - 2*z**2 + 3*z + 3. What is a(q)?
-3
Let n(t) = t**3 - 8*t**2 + 3*t + 6. Let z(x) = -x**2 + x + 1. Let y(j) = n(j) - 4*z(j). What is y(2)?
-8
Let t(c) = -2*c**2 - 8*c + 3. Let y be t(-4). Let k(a) be the second derivative of 1/2*a**2 - 5/6*a**y + 0 - 1/12*a**4 + a. What is k(-4)?
5
Suppose -10 = -5*h, 4*h + 0*h = 4*s + 16. Let x(y) be the first derivative of -y**4/4 - 4*y**3/3 + 2*y + 3. Calculate x(s).
-6
Let g(o) = 22*o - 2*o**3 + 3 - 44*o + 19*o - o**2. Determine g(2).
-23
Let n(m) = 5*m**3 + 4*m**2 - 7*m + 7. Let q(v) = -v**3 + v - 1. Let h(l) = -n(l) - 6*q(l). Let p = 24 - 20. What is h(p)?
3
Let z(k) be the first derivative of 3/2*k**2 + k**3 + 2 - k. Give z(-3).
17
Let u(r) = -r**3 - 2*r**2 - r - 1. Let w(d) = 3*d**3 + 13*d**2 + 8*d + 9. Let z(j) = 4*u(j) + w(j). Let y = -7 - -13. Determine z(y).
-7
Let g(x) = -x**3 + 5*x**2 + 4*x + 6. Suppose 0 = -2*h - 8 + 20. What is g(h)?
-6
Let l(b) = b**2 - 3*b + 1. Let t be l(4). Let i(u) = 2*u - u + 2 + 3*u - t*u. Calculate i(6).
-4
Let i(d) = -d**2 - 6*d + 6. Let a(l) = 3*l**2 + 11*l - 14. Let o(b) = 2*a(b) + 5*i(b). Give o(8).
2
Suppose -f - f = -2. Let z(l) = l**3 + l**2. Let p(j) = -7*j**3 - 3*j**3 + 7 - 8*j**2 + 7*j + 5*j**3. Let r(t) = f*p(t) + 4*z(t). Give r(-5).
-3
Let y(c) = -8*c**3 + c + 1. Let w(o) = o + 30. Let v be w(-16). Let m = 13 - v. Determine y(m).
8
Let s(z) = -9*z**2 + 3*z - 2. Let r be (-1 - (3 + -2))/(-17 - -16). What is s(r)?
-32
Let r(k) = k + 3. Let y be r(-3). Suppose y = -o - 4*o. Let t be -2 + (-3 - o - -6). Let i(c) = c**3 - c**2 + c. Determine i(t).
1
Let z(q) = -q**3 - 2 - 14*q - 8*q + 5*q**2 + 30*q - 3. Determine z(6).
7
Suppose 5*g + 20 = 0, -2*g - 20 = 3*v - 0*g. Let z(d) = -4*d - 2*d**2 + d**3 + 6*d + 6*d**2 + 3. What is z(v)?
-5
Let c(o) = 2*o**2 + 2. Let d = -11 + 11. Let y(m) = 5*m**2 + 5*m + 11. Let x(i) = -2*i**2 - 2*i - 5. Let n(g) = -7*x(g) - 3*y(g). Let f be n(d). Calculate c(f).
10
Let m(o) = 7*o**3 - 2*o + 1. Let a be 2/9 - 29/9. Let u be (-6)/(-3) - (-1 - a). Suppose 0 = 5*x, 3 = 3*h - 4*x - u. Give m(h).
6
Let f(x) = -x**3 - 2*x**2 + x + 1. Suppose -3*c + 2*z = 19 - 6, -5*z + 13 = -c. Calculate f(c).
7
Suppose 2*r + 3*z - 10 = 0, 0 = r + z + 2*z - 11. Let d(p) = -9*p**2 - p. Give d(r).
-8
Let m(p) = p**2 + 6*p. Let l(v) = -2*v**2 - 12*v - 1. Let u(k) = -2*l(k) - 5*m(k). What is u(-6)?
2
Let q be 3 + -3 + 3 - 2. Let v(u) = -4*u**2 - 1 - q + u - 8*u**3 + 3 + 7*u**3. Let i be (-2)/((-2)/2)*-1. Determine v(i).
-9
Suppose 2*n + 8 = d, 2*n + 3*n - 10 = -5*d. Let y(g) = -2*g + 3. Let l be y(d). Let j(k) = -k**2 - 6*k - 7. Give j(l).
-2
Let y(z) = 3 - 6*z + 11*z**2 - z - 2 - z**3 - 3*z. Let j be y(10). Let w(r) = 5*r - 1. Give w(j).
4
Let l be -2 - (-3)/(-3) - (0 + 2). Let x(j) = -j**2 - 5*j - 3. Determine x(l).
-3
Let n(b) be the third derivative of -b**6/120 + b**5/6 + 11*b**4/24 + 7*b**3/6 - 48*b**2. Give n(11).
7
Let c be 5 - (15/(-5) + 7). Let j(v) = -v - 1. Calculate j(c).
-2
Let j(p) = -2*p + 23. Let o(w) = -5*w + 46. Let s(f) = 7*j(f) - 3*o(f). Calculate s(-12).
11
Let g = 180 - 177. Let k(t) = 3*t**2 - 4*t + 2. Determine k(g).
17
Let f be 4/(-10) - 54/(-10). Let t(m) be the second derivative of m**4/24 - 3*m**2/2 + m. Let z(g) be the first derivative of t(g). Determine z(f).
5
Let h(n) = -n**2 + 3*n + 4. Let u(p) = 5*p**2 + p. Let o be u(-1). Let c be h(o). Let y(v) = -6 - 2 - v**3 + c*v**3. Calculate y(0).
-8
Let s = -4 + 8. Let i = -112 + 119. Let u(a) = -4*a + a**3 + 3*a**2 + 7*a**3 - i*a**3 + s. Give u(-4).
4
Let y(u) = -1 + 0 - u**2 - u - 8*u. Let g(d) = d**2 + 10*d + 1. Let v(i) = -i - 11. Let a be v(-5). Let p(s) = a*y(s) - 5*g(s). Determine p(-5).
6
Let l(c) = -2*c - 4. Let d be (-5)/(-5) + (-1)/(-1). Suppose 7 - 19 = -d*k. Let b = k + -10. What is l(b)?
4
Suppose 0 = 8*a - 14*a - 30. Let k(s) = s**2 + 3. Determine k(a).
28
Let y(l) be the third derivative of 0*l - 1/3*l**3 + 2*l**2 - 1/12*l**4 + 0. Determine y(3).
-8
Let c(x) be the first derivative of 5*x**4/4 + x**3 + 3*x**2/2 + x + 3. Let r(v) = -5*v**3 - 2*v**2 - 2*v - 1. Let u(d) = 2*c(d) + 3*r(d). What is u(1)?
-6
Let z be (-2)/1*50/(-20). Let s(g) = 3*g - 6. Calculate s(z).
9
Let z(k) = -k**3 + 4*k**2 - k - 4. Let b = 14 - 9. Suppose 2*g - b*v - 25 = -3*g, 5*g = v + 17. What is z(g)?
2
Let o be (-4)/(-6) + (-2)/3. Let s be 0 - (-5 + (1 - o)). Let x(k) = s - 3*k + 4*k - 3. Calculate x(4).
5
Let w(j) = -193*j + 99*j + j**2 + 98*j - 4. Determine w(-6).
8
Let r(g) = 3*g - 8*g - 5 + 4*g. Determine r(-5).
0
Let z = -9 + 33. Suppose 20*t = z*t + 8. Let k(s) = 4*s - 1. Determine k(t).
-9
Supp